 603 a factor of 10829880?
True
Is 206898 a multiple of 10?
False
Does 305 divide 195810?
True
Is 1180446 a multiple of 34?
True
Is 9150560 a multiple of 520?
False
Is 14 a factor of 28972?
False
Is 409427 a multiple of 83?
False
Does 3 divide 161127?
True
Is 7199647 a multiple of 793?
True
Is 50 a factor of 563500?
True
Does 11 divide 2346872?
True
Is 4509698 a multiple of 1040?
False
Is 25 a factor of 217391?
False
Does 513 divide 5302368?
True
Is 873037 a multiple of 117?
False
Is 114 a factor of 349638?
True
Is 4295380 a multiple of 1465?
True
Is 1429 a factor of 3521056?
True
Is 1271213 a multiple of 12?
False
Does 40 divide 15057?
False
Is 309758 a multiple of 106?
False
Is 38157 a multiple of 2?
False
Is 3 a factor of 162583?
False
Is 146 a factor of 10074?
True
Is 467619 a multiple of 53?
True
Does 185 divide 815757?
False
Is 2745 a multiple of 2?
False
Is 5 a factor of 13625?
True
Does 5 divide 395895?
True
Is 1176703 a multiple of 192?
False
Is 5933090 a multiple of 31?
True
Does 37 divide 345821?
False
Does 298 divide 5380688?
True
Is 907 a factor of 9638518?
False
Does 52 divide 549316?
False
Does 7 divide 388497?
False
Does 97 divide 129204?
True
Is 36 a factor of 1009156?
False
Is 61 a factor of 364767?
False
Is 21 a factor of 9408?
True
Is 39364 a multiple of 235?
False
Does 11 divide 36036?
True
Does 443 divide 399143?
True
Is 2 a factor of 29278?
True
Does 6 divide 293493?
False
Is 591707 a multiple of 95?
False
Is 1226400 a multiple of 438?
True
Is 195 a factor of 186810?
True
Is 24 a factor of 30672?
True
Does 6 divide 819420?
True
Is 1840353 a multiple of 104?
False
Is 7 a factor of 282553?
False
Does 698 divide 1575061?
False
Is 3329060 a multiple of 395?
True
Is 51 a factor of 4519359?
False
Is 90 a factor of 1272960?
True
Is 579 a factor of 1665645?
False
Is 390400 a multiple of 633?
False
Is 101 a factor of 3664886?
True
Is 5336615 a multiple of 412?
False
Is 801080 a multiple of 70?
True
Does 111 divide 27429?
False
Does 16 divide 424112?
True
Is 124 a factor of 705188?
True
Is 13 a factor of 320008?
True
Does 199 divide 921569?
True
Does 39 divide 1055262?
True
Is 37 a factor of 3724605?
True
Is 14 a factor of 247673?
False
Is 689 a factor of 1555112?
False
Is 30600 a multiple of 21?
False
Is 5650710 a multiple of 195?
True
Is 60 a factor of 33814?
False
Does 3 divide 31866?
True
Is 208432 a multiple of 116?
False
Is 46 a factor of 143796?
True
Does 157 divide 575737?
False
Is 2663551 a multiple of 538?
False
Is 129 a factor of 3774282?
True
Is 5818305 a multiple of 394?
False
Does 47 divide 5395412?
True
Does 3 divide 59527?
False
Is 8 a factor of 786072?
True
Is 58 a factor of 1078575?
False
Is 152132 a multiple of 521?
True
Does 226 divide 11810363?
False
Is 10 a factor of 1129585?
False
Does 61 divide 431415?
False
Does 245 divide 322420?
True
Does 29 divide 742023?
True
Is 10 a factor of 176690?
True
Is 60413 a multiple of 4?
False
Is 430 a factor of 413833?
False
Does 219 divide 151548?
True
Is 65 a factor of 608609?
False
Is 75 a factor of 366993?
False
Is 1415411 a multiple of 10?
False
Is 123395 a multiple of 461?
False
Is 5 a factor of 125792?
False
Is 47320 a multiple of 26?
True
Does 494 divide 1459276?
True
Is 22 a factor of 4092610?
False
Is 7 a factor of 6023388?
True
Does 33 divide 88704?
True
Is 5773820 a multiple of 106?
True
Is 345 a factor of 224250?
True
Is 320195 a multiple of 396?
False
Is 3646151 a multiple of 361?
False
Does 77 divide 660198?
True
Is 259989 a multiple of 62?
False
Does 34 divide 2127516?
True
Is 3841478 a multiple of 340?
False
Does 71 divide 3766621?
True
Does 33 divide 4757841?
True
Does 56 divide 5027465?
False
Does 25 divide 3941050?
True
Is 16230 a multiple of 30?
True
Is 130 a factor of 318032?
False
Is 24100 a multiple of 25?
True
Does 44 divide 90508?
True
Is 132 a factor of 496320?
True
Is 20 a factor of 4353040?
True
Does 67 divide 7239?
False
Does 61 divide 6372975?
True
Does 4 divide 332268?
True
Does 245 divide 395185?
True
Is 292 a factor of 136425?
False
Does 60 divide 162638?
False
Does 7 divide 119588?
True
Is 4 a factor of 35236?
True
Is 9120 a multiple of 32?
True
Does 170 divide 60350?
True
Does 15 divide 201270?
True
Is 3 a factor of 181658?
False
Does 76 divide 1372408?
True
Does 14 divide 606216?
False
Is 19 a factor of 24244?
True
Is 3902924 a multiple of 289?
False
Does 94 divide 67917?
False
Is 2 a factor of 152961?
False
Does 13 divide 219643?
False
Is 87120 a multiple of 198?
True
Does 97 divide 1802266?
False
Is 619 a factor of 14343319?
False
Is 2408976 a multiple of 233?
False
Does 8 divide 802577?
False
Does 371 divide 5684462?
True
Does 591 divide 7763967?
True
Does 17 divide 175590?
False
Is 1094159 a multiple of 197?
False
Is 3 a factor of 1138253?
False
Is 1087155 a multiple of 135?
True
Does 18 divide 1976650?
False
Does 27 divide 58266?
True
Is 127 a factor of 1851787?
True
Is 5 a factor of 70320?
True
Is 660697 a multiple of 243?
False
Does 50 divide 51550?
True
Is 44781 a multiple of 59?
True
Does 122 divide 128466?
True
Does 303 divide 216645?
True
Is 2 a factor of 870692?
True
Is 58930 a multiple of 10?
True
Is 14 a factor of 4305298?
False
Does 418 divide 711854?
True
Does 134 divide 290914?
True
Does 1025 divide 2806450?
True
Is 38 a factor of 150754?
False
Does 220 divide 436260?
True
Is 8 a factor of 369899?
False
Does 1283 divide 1238095?
True
Is 2403486 a multiple of 56?
False
Is 71 a factor of 139075?
False
Is 224917 a multiple of 11?
True
Is 18205 a multiple of 2?
False
Does 443 divide 1399391?
False
Is 50492 a multiple of 30?
False
Is 3 a factor of 1158955?
False
Is 5165032 a multiple of 28?
False
Is 7958250 a multiple of 2358?
True
Is 5742621 a multiple of 1761?
True
Is 1862250 a multiple of 26?
True
Is 440 a factor of 351982?
False
Is 2456006 a multiple of 217?
True
Is 277656 a multiple of 69?
True
Is 8847808 a multiple of 25?
False
Is 3178908 a multiple of 143?
False
Is 75425 a multiple of 22?
False
Does 83 divide 381991?
False
Is 147 a factor of 11774994?
True
Does 1724 divide 11530586?
False
Does 30 divide 13867020?
True
Does 55 divide 64515?
True
Is 16 a factor of 11209683?
False
Does 236 divide 1281480?
True
Is 148500 a multiple of 110?
True
Is 77 a factor of 22952?
False
Is 13 a factor of 8587158?
False
Is 302875 a multiple of 125?
True
Is 230 a factor of 1657410?
False
Is 623904 a multiple of 776?
True
Is 5 a factor of 78140?
True
Is 1476756 a multiple of 5?
False
Does 419 divide 230031?
True
Is 7703024 a multiple of 634?
False
Is 60480 a multiple of 448?
True
Is 1093243 a multiple of 74?
False
Is 3434954 a multiple of 755?
False
Does 45 divide 96271?
False
Does 4 divide 238345?
False
Does 302 divide 104492?
True
Does 18 divide 785769?
False
Does 180 divide 1062180?
True
Does 50 divide 357300?
True
Is 4303197 a multiple of 647?
True
Is 4233504 a multiple of 1448?
False
Is 3605805 a multiple of 35?
True
Is 108 a factor of 469476?
True
Is 70 a factor of 73870?
False
Is 350017 a multiple of 10?
False
Does 16 divide 511360?
True
Does 105 divide 164629?
False
Does 16 divide 635776?
True
Does 25 divide 28025?
True
Does 708 divide 1804424?
False
Is 23 a factor of 311237?
False
Does 87 divide 509426?
False
Is 83 a factor of 2894210?
True
Is 4019439 a multiple of 280?
False
Is 70 a factor of 765233?
False
Does 564 divide 2429148?
True
Is 761616 a multiple of 108?
True
Is 2687055 a multiple of 35?
True
Is 8 a factor of 2211598?
False
Is 253282 a multiple of 68?
False
Is 7 a factor of 146465?
False
Is 2231182 a multiple of 5?
False
Is 1011728 a multiple of 296?
True
Is 28 a factor of 153137?
False
Does 6 divide 50146?
False
Is 6 a factor of 324846?
True
Is 12 a factor of 11672064?
True
Does 2 divide 191147?
False
Is 26624 a multiple of 297?
False
Does 274 divide 3132642?
True
Does 26 divide 719422?
False
Is 1299844 a multiple of 182?
True
Is 4749330 a multiple of 618?
True
Does 53 divide 764356?
False
Does 163 divide 8519358?
True
Is 145 a factor of 4326350?
False
Is 26 a factor of 147155?
False
Does 217 divide 13454?
True
Is 50641 a multiple of 89?
True
Does 8 divide 4223240?
True
Is 1916798 a multiple of 26?
True
Is 17 a factor of 288134?
False
Does 36 divide 10648620?
True
Is 105 a factor of 46631?
False
Is 11 a factor o